es 29 divide 418?
False
Does 37 divide 9156?
False
Is 7 a factor of 28?
True
Is 2 a factor of 223?
False
Is 1015 a multiple of 18?
False
Is 109 a factor of 10682?
True
Is 10 a factor of 2490?
True
Is 6248 a multiple of 88?
True
Is 621 a multiple of 7?
False
Is 1688 a multiple of 38?
False
Is 2 a factor of 3166?
True
Is 31 a factor of 3534?
True
Is 24 a factor of 724?
False
Is 201 a multiple of 67?
True
Does 9 divide 13882?
False
Is 1748 a multiple of 38?
True
Is 4 a factor of 7322?
False
Does 110 divide 11383?
False
Does 12 divide 2640?
True
Is 858 a multiple of 38?
False
Is 47 a factor of 319?
False
Does 2 divide 242?
True
Is 2440 a multiple of 20?
True
Is 23 a factor of 43911?
False
Is 12 a factor of 492?
True
Is 168464 a multiple of 14?
False
Is 1651 a multiple of 11?
False
Does 112 divide 2352?
True
Is 27 a factor of 891?
True
Does 34 divide 7140?
True
Is 10 a factor of 26189?
False
Is 41 a factor of 1554?
False
Is 12 a factor of 4604?
False
Is 40 a factor of 61640?
True
Is 968 a multiple of 44?
True
Is 1078 a multiple of 13?
False
Does 6 divide 1936?
False
Is 23 a factor of 599?
False
Is 2747 a multiple of 34?
False
Does 172 divide 92393?
False
Is 189 a factor of 58023?
True
Does 7 divide 330?
False
Is 66940 a multiple of 14?
False
Is 1443 a multiple of 2?
False
Is 29348 a multiple of 56?
False
Is 149600 a multiple of 44?
True
Is 64092 a multiple of 14?
True
Does 31 divide 39221?
False
Does 231 divide 3319?
False
Is 524 a multiple of 27?
False
Is 370 a multiple of 10?
True
Is 45684 a multiple of 141?
True
Is 15 a factor of 733?
False
Is 104474 a multiple of 12?
False
Is 1087 a multiple of 2?
False
Does 114 divide 45600?
True
Is 70310 a multiple of 89?
True
Does 15 divide 570?
True
Is 2936 a multiple of 3?
False
Does 34 divide 53453?
False
Does 19 divide 464?
False
Is 18 a factor of 49464?
True
Is 5561 a multiple of 13?
False
Is 484 a multiple of 7?
False
Is 9 a factor of 298?
False
Does 23 divide 10773?
False
Is 1009 a multiple of 25?
False
Is 11 a factor of 11396?
True
Is 101 a factor of 45099?
False
Is 3 a factor of 14276?
False
Does 35 divide 21595?
True
Does 7 divide 1965?
False
Is 13 a factor of 157?
False
Does 4 divide 7844?
True
Is 18 a factor of 6102?
True
Is 489 a multiple of 5?
False
Is 7 a factor of 596?
False
Does 16 divide 3465?
False
Is 19 a factor of 2359?
False
Does 144 divide 88704?
True
Is 1950 a multiple of 25?
True
Does 234 divide 62790?
False
Is 14 a factor of 336?
True
Does 17 divide 714?
True
Does 7 divide 355?
False
Does 39 divide 585?
True
Does 3 divide 900?
True
Is 138 a factor of 10220?
False
Is 7 a factor of 560?
True
Is 29 a factor of 12453?
False
Is 11 a factor of 1133?
True
Does 40 divide 9333?
False
Is 18 a factor of 1031?
False
Is 26 a factor of 1820?
True
Does 7 divide 4641?
True
Is 6204 a multiple of 49?
False
Is 31506 a multiple of 118?
True
Does 85 divide 935?
True
Is 150 a multiple of 30?
True
Is 16 a factor of 4352?
True
Does 179 divide 11277?
True
Does 69 divide 7107?
True
Is 63 a factor of 2186?
False
Is 37231 a multiple of 31?
True
Is 37 a factor of 1511?
False
Is 75 a factor of 274?
False
Is 23 a factor of 6053?
False
Does 35 divide 2707?
False
Is 3231 a multiple of 123?
False
Is 5260 a multiple of 20?
True
Does 41 divide 738?
True
Is 8760 a multiple of 64?
False
Is 1560 a multiple of 14?
False
Is 18 a multiple of 2?
True
Is 159 a multiple of 53?
True
Does 21 divide 861?
True
Is 30 a factor of 3216?
False
Is 198 a multiple of 7?
False
Is 46 a factor of 46000?
True
Is 30900 a multiple of 30?
True
Is 18 a factor of 1782?
True
Does 24 divide 181?
False
Is 2 a factor of 146?
True
Is 16 a factor of 320?
True
Is 1202 a multiple of 3?
False
Does 20 divide 15606?
False
Does 22 divide 3718?
True
Is 14 a factor of 525?
False
Is 11 a factor of 77?
True
Is 31 a factor of 1364?
True
Is 14 a factor of 157?
False
Does 14 divide 18320?
False
Does 5 divide 8294?
False
Is 9 a factor of 159?
False
Does 39 divide 4072?
False
Is 15 a factor of 1313?
False
Is 6312 a multiple of 12?
True
Does 11 divide 7855?
False
Is 3 a factor of 218?
False
Is 45 a multiple of 31?
False
Is 6 a factor of 436?
False
Is 137 a factor of 10696?
False
Is 22 a factor of 68381?
False
Is 1120 a multiple of 28?
True
Is 6912 a multiple of 16?
True
Is 663 a multiple of 24?
False
Is 15 a factor of 540?
True
Does 73 divide 625?
False
Does 10 divide 23834?
False
Does 179 divide 26850?
True
Does 15 divide 101082?
False
Is 54 a factor of 6480?
True
Is 24 a factor of 8153?
False
Is 15 a factor of 810?
True
Does 24 divide 4608?
True
Is 37 a factor of 4736?
True
Is 9361 a multiple of 11?
True
Is 11 a factor of 53714?
False
Is 299 a factor of 2093?
True
Is 426 a multiple of 8?
False
Does 115 divide 7360?
True
Is 19 a factor of 9139?
True
Does 14 divide 714?
True
Does 6 divide 1944?
True
Is 27 a factor of 1680?
False
Is 134 a multiple of 3?
False
Does 8 divide 5757?
False
Is 47 a factor of 5593?
True
Is 419 a multiple of 7?
False
Does 12 divide 36?
True
Is 11 a factor of 21343?
False
Does 95 divide 475?
True
Does 49 divide 147?
True
Does 125 divide 24875?
True
Is 4273 a multiple of 9?
False
Is 11 a factor of 56585?
False
Is 3 a factor of 8718?
True
Does 7 divide 5194?
True
Is 2 a factor of 48?
True
Is 1332 a multiple of 37?
True
Is 10854 a multiple of 27?
True
Does 7 divide 8470?
True
Is 56416 a multiple of 32?
True
Does 79 divide 711?
True
Does 40 divide 1394?
False
Is 71 a factor of 5713?
False
Is 17 a factor of 408?
True
Is 184 a multiple of 23?
True
Does 3 divide 44?
False
Is 597 a multiple of 2?
False
Is 27 a multiple of 9?
True
Is 5042 a multiple of 3?
False
Is 51 a factor of 22593?
True
Does 12 divide 8196?
True
Does 2 divide 365?
False
Is 447 a multiple of 79?
False
Does 4 divide 754?
False
Is 9 a factor of 6436?
False
Is 8463 a multiple of 31?
True
Is 104 a factor of 4472?
True
Does 13 divide 1890?
False
Is 16 a factor of 1856?
True
Is 46 a factor of 14490?
True
Does 11 divide 3993?
True
Does 3 divide 476?
False
Is 7 a factor of 147?
True
Does 86 divide 606?
False
Is 141 a factor of 12126?
True
Is 9 a factor of 15993?
True
Is 2576 a multiple of 7?
True
Does 6 divide 984?
True
Does 9 divide 549?
True
Does 51 divide 5080?
False
Is 15939 a multiple of 63?
True
Is 167 a factor of 3324?
False
Is 44 a factor of 704?
True
Does 27 divide 621?
True
Does 108 divide 8892?
False
Does 2 divide 324?
True
Is 329 a multiple of 6?
False
Does 2 divide 932?
True
Is 15 a factor of 600?
True
Does 87 divide 4762?
False
Is 13 a factor of 204216?
False
Is 584 even?
True
Is 1700 a multiple of 25?
True
Is 60 a factor of 175440?
True
Does 43 divide 3354?
True
Is 15093 a multiple of 59?
False
Is 46 a factor of 906?
False
Is 162 a multiple of 54?
True
Is 632 a multiple of 5?
False
Is 125552 a multiple of 20?
False
Is 203 a factor of 31484?
False
Does 7 divide 10416?
True
Is 7 a factor of 1848?
True
Does 69 divide 6898?
False
Is 6 a factor of 11208?
True
Does 44 divide 1016?
False
Is 27 a factor of 999?
True
Does 2 divide 45?
False
Does 121 divide 3751?
True
Is 16 a factor of 5648?
True
Does 16 divide 28288?
True
Is 4664 a multiple of 11?
True
Is 4 a factor of 28540?
True
Does 35 divide 8158?
False
Is 119 a factor of 38707?
False
Does 13 divide 1563?
False
Does 28 divide 3361?
False
Does 3 divide 214?
False
Is 5 a factor of 340?
True
Is 52 a factor of 9412?
True
Does 11 divide 10249?
False
Is 21 a factor of 29658?
False
Is 7 a factor of 3584?
True
Is 13 a factor of 11986?
True
Is 427 a multiple of 7?
True
Does 12 divide 131?
False
Is 6 a factor of 22298?
False
Does 21 divide 3932?
False
Does 28 divide 2128?
True
Is 24 a factor of 3108?
False
Is 14 a factor of 870?
False
Does 38 divide 1913?
False
Is 6264 a multiple of 18?
True
Is 63800 a multiple of 275?
True
Is 3 a factor of 1601?
False
Is 16 a factor of 33?
False
Is 13 a factor of 37363?
False
Is 25 a factor of 2625?
True
Is 295 a multiple of 10?
False
Is 10 a factor of 1350?
True
Does 16 divide 172?
False
Is 310 a multiple of 5?
True
Does 40 divide 906?
False
Does 112 divide 3337?
False
Is 6614 a multiple of 86?
False
Is 597 a multiple of 69?
False
Is 38 a factor of 988?
True
Is 63012 a multiple of 178?
True
Is 9 a factor of 17325?
True
Is 104455 a multiple of 13?
True
Does 23 divide 115?
True
Is 5116 a multiple of 27?